11010000100 (base 2) in base 10?
2080388
141331551 (base 6) to base 14
54b375
-24ccde (base 16) to base 7
-26333214
What is 523646 (base 7) in base 12?
44242
Convert 122111200032 (base 4) to base 3.
110222202021010
54272 (base 16) to base 2
1010100001001110010
11100000010110000 (base 2) to base 7
655611
4095 (base 10) to base 14
16c7
-266816 (base 11) to base 14
-ac94b
What is -21123223030 (base 4) in base 9?
-4577751
What is 5d1c1 (base 15) in base 9?
502861
What is -618119 (base 12) in base 7?
-15661662
Convert 3423044 (base 5) to base 7.
342625
11667533 (base 8) to base 10
2584411
Convert 3100211011 (base 4) to base 10.
854341
544250552 (base 6) to base 4
211012223210
21576a8 (base 11) to base 8
16345423
Convert 2003130312 (base 4) to base 12.
21b706
-398803 (base 10) to base 9
-667044
What is 30113222 (base 4) in base 13?
1a0a5
Convert -211010000112 (base 3) to base 7.
-3461612
-1110111011111010111 (base 2) to base 16
-777d7
Convert -1c58ab (base 14) to base 4.
-3313213233
Convert 33974 (base 11) to base 8.
137676
-174774 (base 9) to base 11
-745a0
Convert -222020212121 (base 3) to base 9.
-866777
Convert 1100210200 (base 4) to base 12.
13ab94
-14356416 (base 7) to base 13
-387657
What is -1030431311 (base 5) in base 10?
-2202081
What is -69520 (base 10) in base 4?
-100332100
Convert -13046364 (base 9) to base 8.
-30344023
Convert 3abbd (base 14) to base 15.
2ce76
844c1 (base 13) to base 4
322020131
3060236 (base 7) to base 13
cb357
What is -10011110000010 (base 2) in base 12?
-5a2a
What is 200221120101011 (base 3) in base 15?
d3d717
-11010110110011010 (base 2) to base 5
-12004403
192db1b (base 14) to base 3
212111021200222
Convert -3561015 (base 7) to base 12.
-199513
What is 42422143 (base 5) in base 6?
11400250
Convert 121b38 (base 12) to base 14.
7903a
What is -6409c3 (base 13) in base 7?
-25630615
What is -1312b4 (base 12) in base 16?
-4c768
What is 953870 (base 15) in base 4?
123011102022
What is 8958393 (base 10) in base 12?
3000309
What is 443765 (base 8) in base 4?
210133311
Convert -10010001001011110110 (base 2) to base 5.
-123012203
20c12 (base 16) to base 12
65782
What is -64d9 (base 15) in base 11?
-15053
Convert 2102220110010 (base 3) to base 9.
2386403
23511ca (base 13) to base 6
1025522214
Convert 1555a5b (base 12) to base 16.
4248a7
What is 460041 (base 7) in base 15?
192e3
Convert 9d047c (base 15) to base 12.
2614639
What is 121212122021021 (base 3) in base 9?
17778237
Convert -11021120021 (base 3) to base 6.
-1450011
-18aa8 (base 16) to base 11
-699a8
What is -3322152 (base 7) in base 2?
-1100011110101101110
Convert 2672230 (base 8) to base 9.
1363740
What is -2122302 (base 4) in base 8?
-23262
Convert b7211 (base 14) to base 3.
211110120110
1300201334 (base 5) to base 11
18497a0
What is -7470517 (base 8) in base 2?
-111100111000101001111
What is 33ef88 (base 16) in base 6?
200541400
What is 11010100101011101000011 (base 2) in base 13?
15a017b
What is 110000111000110011 (base 2) in base 3?
101011200102
Convert 31344 (base 10) to base 5.
2000334
Convert 11334411 (base 6) to base 7.
3005320
What is 10101010000111100 (base 2) in base 11?
5a492
Convert 20102222002 (base 3) to base 14.
34309
What is -3152 (base 6) in base 9?
-875
What is -49634 (base 14) in base 8?
-536576
What is 125994 (base 16) in base 8?
4454624
b30c34 (base 15) to base 16
81d165
What is b392b (base 12) in base 3?
102220211022
What is 2016116 (base 7) in base 11?
1541a8
What is -394917 (base 10) in base 9?
-661646
Convert -10010011001001111000111 (base 2) to base 6.
-251203515
What is 25588 (base 13) in base 7?
405232
-32223404 (base 7) to base 8
-12362344
What is 11231421442 (base 5) in base 11?
7228864
What is -32715 (base 11) in base 12?
-23560
Convert 636b9 (base 12) to base 15.
28a70
What is 72903 (base 11) in base 6?
2135505
-4e29b5 (base 16) to base 8
-23424665
What is -11412103110 (base 5) in base 9?
-27174284
What is 101010000110000101101011 (base 2) in base 7?
162536655
Convert 21690 (base 10) to base 3.
1002202100
Convert -398dfd (base 16) to base 5.
-1431200101
-3345605 (base 7) to base 5
-101234421
Convert -3265732 (base 11) to base 12.
-1b05288
151010550 (base 6) to base 8
13734242
-20022221020000 (base 3) to base 14
-6381b3
What is -a1875 (base 13) in base 15?
-5aa8a
What is 1299373 (base 10) in base 13?
36657a
-626637 (base 11) to base 12
-405270
Convert 4715731 (base 8) to base 6.
43313241
Convert -205943 (base 10) to base 5.
-23042233
13313102 (base 5) to base 6
2522510
-34690a0 (base 11) to base 2
-10111000111001101000110
-2011221021 (base 3) to base 14
-1192c
-30129 (base 12) to base 8
-171661
Convert 1240130 (base 12) to base 6.
204240500
Convert 201554 (base 6) to base 13.
7375
What is 21ab8a1 (base 13) in base 14?
1530b7d
What is 13234045 (base 7) in base 10?
1218712
Convert -13141020 (base 6) to base 10.
-433092
What is -127016 (base 8) in base 7?
-243623
111403 (base 12) to base 15
55850
Convert 59c0c (base 15) to base 7.
2301303
-34e38 (base 15) to base 8
-511202
-227b8 (base 14) to base 6
-1444114
Convert 12010011121 (base 3) to base 9.
163147
What is 1773657 (base 8) in base 14?
d8411
-17254357 (base 9) to base 12
-2a95b2a
Convert -413432242 (base 5) to base 2.
-110011111100100110101
-1101011001110111110100 (base 2) to base 13
-9604c9
-2984a5 (base 12) to base 14
-142953
What is -1213282 (base 9) in base 8?
-2406133
What is -11102202012 (base 3) in base 2?
-10101010100000000
What is -11543015 (base 7) in base 15?
-156dd2
What is -15bbf (base 16) in base 6?
-1524051
154588 (base 10) to base 4
211233130
-126b558 (base 12) to base 4
-31311231110
What is -97b66 (base 13) in base 11?
-178159
What is -36e3a (base 16) in base 5?
-24143301
What is 1d307a (base 16) in base 14?
37b1d8
-19875 (base 14) to base 2
-1111110100001111
What is 21020043 (base 5) in base 4?
222101130
What is 441609 (base 12) in base 7?
12121143
What is 2488113 (base 9) in base 5?
321414431
Convert 144042403 (base 6) to base 8.
13323203
3127427 (base 8) to base 7
10031325
3100210002 (base 4) to base 15
11d1b9
What is 8183667 (base 9) in base 13?
b9b219
Convert -9234b0 (base 12) to base 3.
-11022011222020
What is -1101120020212 (base 3) in base 13?
-1cb713
What is -104509b (base 12) in base 2?
-1011101111011000110111
What is -378022 (base 9) in base 14?
-5d5dc
-410547 (base 12) to base 7
-11433355
What is 1968b0 (base 12) in base 7?
3541344
Convert 57cd6 (base 16) to base 3.
200021022221
68771 (base 12) to base 4
202001011
Convert 10121120211 (base 3) to base 13.
264c4
Convert 121244453 (base 7) to base 12.
2653388
1526740 (base 9) to base 7
10115634
-1010110111000111001 (base 2) to base 3
-200002012101
What is -58a606 (base 13) in base 5?
-1014423233
Convert 6c209 (base 15) to base 4.
1110022011
5476703 (base 9) to base 16
2ced10
What is 22120202210 (base 3) in base 7?
1302411
What is 10000111001000100 (base 2) in base 13?
25652
What is 36a40 (base 11) in base 4?
30332223
Convert 332111330 (base 4) to base 8.
762574
Convert 2808005 (base 10) to base 6.
140104005
What is -731042 (base 10) in base 13?
-1c7990
22302223212 (base 4) to base 11
1662546
2212201112211 (base 3) to base 4
11311133302
What is -100301354 (base 6) in base 7?
-20322616
What is 55520222 (base 6) in base 11?
a440aa
What is 11000012311 (base 4) in base 15?
1ad757
1001100111101011101 (base 2) to base 10
315229
-21bb (base 15) to base 2
-1101111101111
What is 12112022212110 (base 3) in base 7?
33661122
20352444 (base 6) to base 12
245724
Convert 11303123333 (base 4) to base 13.
413654
Convert -52327 (base 14) to base 10.
-198191
-d9227 (base 16) to base 13
-251a81
Convert -1674671 (base 9) to base 3.
-1202111202101
What is -134909 (base 10) in base 7?
-1101215
What is 53d254 (base 14) in base 13?
785b96
450850 (base 9) to base 8
1016576
Convert -40a2094 (base 12) to base 3.
-211212112100011
-1331201102 (base 4) to base 7
-4240631
Convert -1003016 (base 8) to base 16.
-4060e
What is -86184 (base 10) in base 13?
-302c7
What is -170578 (base 14) in base 3?
-1112001010100
Convert -15100741 (base 8) to base 2.
-1101001000000111100001
What is 3020324020 (base 5) in base 10?
6026760
Convert 662090 (base 10) to base 9.
1218185
Convert 2310450 (base 7) to base 11.
187708
Convert dacb65 (base 14) to base